(4) is divided by 154/2541 + 823/33.
22
Suppose 4*l = -3*h + 89, -7*h + l = -4*h - 94. Calculate the remainder when 34 is divided by h.
3
Suppose -3*u = u - 84. Let s(c) = 2*c**3 - 5*c**2 + 7*c - 5. Let v be s(5). Let j = v - 72. What is the remainder when j is divided by u?
20
Let d(p) = p**3 + 2*p**2 + 2*p + 3. Let u be d(-2). Let x be u*4*2/(-4). Suppose 5*l - x*l = 30. What is the remainder when 18 is divided by l?
8
Let m(q) = -q**2 - 2*q - 3. Let j be m(-2). What is the remainder when (-9)/(-2)*(-10)/j is divided by 8 - (-3 + 2)*-2?
3
Suppose 39*o - 2451 = -18*o. Suppose 0*p + 75 = 5*p. Calculate the remainder when o is divided by p.
13
Suppose 24*x - 39*x = -45. Let d(t) be the first derivative of 3*t**2 + 7*t - 1. Calculate the remainder when d(x) is divided by 13.
12
Let y(m) = -9*m - 97. What is the remainder when 58 is divided by y(-11)?
0
Let o(b) = b**2 - 8*b + 3. Let w be o(9). Let t = -5 + w. Suppose 28 = 5*q - t. What is the remainder when q is divided by 2?
1
Suppose -8*t + 204 = -4*t. What is the remainder when 352 is divided by t?
46
Calculate the remainder when 30*(2/(-5))/((-4)/65) is divided by 21.
6
Let s(c) = c**2 - 5*c + 4. Let f be s(6). Let t(d) = f*d + 8 + 6 - 8*d - 5. Calculate the remainder when 3 is divided by t(-3).
0
Let w(s) = -s**3 + 12*s**2 + 5*s - 29. Suppose -8 = -7*p + 76. What is the remainder when 121 is divided by w(p)?
28
Let l(s) = -s**3 + 25*s**2 - 48*s + 48. What is the remainder when 22 is divided by l(23)?
0
Calculate the remainder when -3 - (19 + 0)*756/(-36) is divided by 16.
12
Let m be ((-360)/(-16))/(1 - 2/8). Suppose -10*h + 5*h = -m. Calculate the remainder when 11 is divided by h.
5
Let v(z) = 3*z - 1. Let p(d) = d**3 - 4*d**2 + 5*d - 4. Let k be p(3). Suppose -k*a = -13*a + 143. What is the remainder when v(8) is divided by a?
10
Let m be (-11 + 0/2 + 1)*-2. What is the remainder when 12 is divided by 95/m + (-3)/(-12)?
2
Let j(u) = 3*u**2 - 5*u - 48. Calculate the remainder when 152 is divided by j(7).
24
Suppose -3*q = 2*r - 27, -3*q + 10 = 1. Let k = r + 6. Let f(n) = n**3 - 14*n**2 - 14*n - 11. What is the remainder when f(k) is divided by 2?
0
Let a(i) = 24 + 0*i**2 - i - 34*i - 2*i**2. What is the remainder when 39 is divided by a(-18)?
3
Let v(d) = 21*d**2 - 6*d - 12. What is the remainder when v(-2) is divided by 37?
10
Calculate the remainder when 100 is divided by 42/2 - (10 + -3).
2
Let d(w) = -w**2 + 12*w + 2. Calculate the remainder when d(5) is divided by 19.
18
Let d(b) = -b**2 + 16*b - 19. Calculate the remainder when d(12) is divided by 10.
9
Suppose 2*v = -3*r + 543, -2*r = 26*v - 29*v + 821. What is the remainder when v is divided by 25?
23
Suppose -1194*l + 150 = -1189*l. What is the remainder when 298 is divided by l?
28
Let j = -20 - -41. Let r = 227 + -103. Calculate the remainder when r is divided by j.
19
Suppose -3*b - 2*b + 40 = 0. Suppose -2*a + 5*s = -99, -a = -5*s - 166 + 104. What is the remainder when a is divided by b?
5
Let k(p) = -p**3 - 13*p**2 - 15*p - 4. Let j(y) = -y**3 + 3*y**2 + 8*y - 5 + 13 + 6*y**2. Let g be j(10). Calculate the remainder when k(g) is divided by 11.
10
Let h = 236 - 226. What is the remainder when 57 is divided by h?
7
Calculate the remainder when 1/6 + 0 - 19721/(-222) is divided by 40.
9
Suppose -4*t - 5*u - 81 = -3*t, -2*u - 4 = 0. Let n = -32 - t. Calculate the remainder when n is divided by 6.
3
Let z(w) = -w**3 + w**2 - 1. Let l be z(-1). Calculate the remainder when 20 is divided by 1/(l*((-1)/(-7))/1).
6
Let t = 157 - 55. Calculate the remainder when t is divided by 35.
32
Suppose 362 = 12*s + 86. Suppose -h + 6 = -7. What is the remainder when s is divided by h?
10
Suppose -5*y + 219 + 11 = 3*k, -k = 4*y - 79. Calculate the remainder when k is divided by 31.
13
Let d = -342 - -362. Suppose -29 = -6*o + 25. What is the remainder when d is divided by o?
2
Let h be 4 + (-1 + 5 - 13). Let s be 3/h + (-30)/(-50). Suppose p - 63 + 48 = s. What is the remainder when p is divided by 8?
7
Suppose m + 5*b = b - 16, 3*m + 4*b = -40. Let g(k) be the third derivative of -k**4/24 + k**3/3 - 43*k**2. What is the remainder when g(m) is divided by 8?
6
Let d(w) = -9*w**2 + 4*w + 8. Let b be d(4). Let s = 202 + b. Suppose -5*h - 5*m = -h - 64, -5*h + m + 109 = 0. What is the remainder when s is divided by h?
19
Let a = -32 + 34. Suppose b - 12 = -b. Calculate the remainder when b is divided by a.
0
Suppose -30*y - 28*y + 928 = 0. Calculate the remainder when 495 is divided by y.
15
Suppose 0 = -4*p, -102 - 96 = -3*t + 3*p. What is the remainder when 128 is divided by t?
62
Let m = 70 - 61. What is the remainder when (2 - 1)*(m + 37) is divided by 24?
22
Let c = -11 + 29. Suppose 4*m - 50 = -c. Let w = m + 7. Calculate the remainder when 43 is divided by w.
13
Suppose 0 = 3*u - 5*x - 488, -15*u - 176 = -16*u - 5*x. What is the remainder when u is divided by 34?
30
Suppose -3 = -2*v - 11. Let z be 8 + 0 + v + 2. Suppose 5*r - z*r = -18. Calculate the remainder when 53 is divided by r.
17
Let h = -754 - -843. Calculate the remainder when 258 is divided by h.
80
Suppose -27*y - 124 = -1933. What is the remainder when y is divided by 29?
9
Let r = -29 - -32. Let y(p) = p**3 - p**2 - 5*p + 4. Calculate the remainder when 17 is divided by y(r).
3
Let f(l) = -17*l - 21. Let y(k) = -6*k - 7. Let b(c) = 2*f(c) - 7*y(c). Calculate the remainder when b(10) is divided by 22.
21
Suppose 2*j - 28 = -2*s, 2*j + 22 = 2*s - 2*j. Calculate the remainder when 124 is divided by (-20 - 1)*(s - 14).
19
Suppose 3*j = j + 58. Suppose -2*y - 5*b = 63, 4*b = 3*y + 54 + 6. Calculate the remainder when j is divided by -6*1/(9/y).
13
Suppose -434 = -12*k - 2*k. What is the remainder when 116 is divided by k?
23
Let x(l) = -l**2 + 38*l - 233. What is the remainder when 220 is divided by x(23)?
108
Suppose g + 1 = -2, 3*b - 2*g = 18. Suppose -5*p = 5*x - 30, 4*p + b = 3*x - 0. Calculate the remainder when 5 is divided by x.
1
Suppose 0 = -s + 5 + 10. Let l(a) = -a**2 - 10*a + 42. What is the remainder when l(-8) is divided by s?
13
Suppose 41*w + 42*w = 75*w. Suppose -5*x - 3*m + 5 = -8, 2 = 3*x - 4*m. Suppose x*r + w*r = 70. What is the remainder when r is divided by 19?
16
Suppose 2*d - 10 - 6 = 2*p, 2*d = -3*p + 6. Calculate the remainder when 8 is divided by d.
2
Let r(q) be the third derivative of -q**6/120 + 2*q**5/15 - 5*q**4/24 + q**3/3 + 3*q**2. Let v(m) = 4*m. What is the remainder when r(4) is divided by v(6)?
22
Suppose -4*b - 3*h - 141 = 0, b = -0*h - 2*h - 34. Let n = -16 - b. Calculate the remainder when n is divided by 6.
2
Suppose 448 = 19*m - 11*m. Calculate the remainder when m is divided by 21.
14
Suppose 24*w = 11*w - 4095. Let s = -306 - w. Let y = 38 - 23. Calculate the remainder when y is divided by s.
6
Suppose -2*m + 58 - 54 = 0. Let y = -129 + 294. Suppose -o - 3*p + 49 = m*p, 5*o - y = -5*p. What is the remainder when o is divided by 8?
5
Let m = -34 + 50. Suppose 0*p + p - 46 = 0. Calculate the remainder when p is divided by m.
14
Let w(j) = 2*j**3 - 9*j**2 - 17*j - 2. Calculate the remainder when 8 is divided by w(6).
0
Suppose 5*q = 2*d + 85, q - 9*d - 4 = -6*d. Calculate the remainder when 28 is divided by q.
9
Let p(b) = b + 41. Suppose 9*h - 5*h = -144. What is the remainder when 24 + -1*(1 + 1) is divided by p(h)?
2
Let q be 120/14 - 6/(-14). Let t be (22/(-6))/((-3)/q). Suppose 0 = -6*o + 5*o + t. What is the remainder when 30 is divided by o?
8
Let s = 361 - 324. What is the remainder when s is divided by 5?
2
Suppose 2*l - 20 = 2. Suppose -2*z = -2, 0 = 3*u + z - l - 101. What is the remainder when u is divided by 21?
16
Suppose -w = 5*w - 18. Calculate the remainder when 89 is divided by 0/(3 - (w - 2)) + 23.
20
Let p be 14/(((-2)/4)/1). Suppose -786*v + 790*v - 92 = 0. Let w = v - p. Calculate the remainder when w is divided by 13.
12
Let i be ((-45)/10 - -6)/(6/272). Calculate the remainder when (i/5)/((-2)/(-5)) is divided by 5 + 0/(1/(-1)).
4
Suppose 0*o = -o + 50. Calculate the remainder when o is divided by 9.
5
Let y(r) = -65*r + 998. Calculate the remainder when y(11) is divided by 71.
70
Let p be 4/26 - 315/(-65). Suppose 0*j - p*j = -485. Suppose -o - 3*m = -34, -4*o = m - 2*m - j. What is the remainder when o is di